{"id":2,"date":"2018-01-21T14:13:36","date_gmt":"2018-01-21T13:13:36","guid":{"rendered":"http:\/\/www.partyfloss-ruhr.de\/?page_id=2"},"modified":"2025-05-21T20:01:06","modified_gmt":"2025-05-21T18:01:06","slug":"flosstour-auf-der-ruhr","status":"publish","type":"page","link":"https:\/\/www.partyfloss-ruhr.de\/","title":{"rendered":"\u00dcber die original Flo\u00dftour auf der Ruhr"},"content":{"rendered":"\n<p>Die Flo\u00dffahrt auf der Ruhr, ein idealer Ausflug mit der Gruppe, dem Verein, Freunden, Geburtstagstour, oder als Betriebsausflug.&nbsp; Wir begr\u00fc\u00dfen Sie am Startpunkt der Flo\u00dftour Ruhr in Hattingen. Nach dem gemeinsamen \u201eWassern\u201c geht es auf das Flo\u00df. Der Captain wartet an der Pinne und unterweist Sie in der Kunst des Flo\u00dffahrens.<\/p>\n\n\n\n<p>Auf unseren Fl\u00f6\u00dfen finden 10, 15, 30, 75 oder auch 90 Personen ausreichend Platz, denn wir stellen die passenden Fl\u00f6\u00dfe f\u00fcr ihre Gruppe zusammen. Einige der G\u00e4ste nehmen an Bord an den aufgestellten Tischen Platz, w\u00e4hrend der zu w\u00e4hlende Grillmeister sich mit der Zange in der Hand ausr\u00fcstet und einige andere Teammitglieder werden f\u00fcr den Vortrieb mittels der bereitgestellten Flo\u00df-Paddel sorgen. Nach einer Einweisung in die wichtigsten Verhaltens- und die Sicherheitsregeln w\u00e4hrend der Fo\u00dffahrt, durch den begleitenden Guide, geht die Tour auch schon los.<\/p>\n\n\n\n<p>Zun\u00e4chst f\u00e4hrt das Flo\u00df recht flott, die Str\u00f6mung hilft kr\u00e4ftig mit. Vorbei geht es an Weiden, unter Br\u00fccken hindurch, begleitet durch neidische&nbsp;Blicke der Radfahrer und Fu\u00dfg\u00e4nger. Unterhalb der alten Feste Isenburg befindet sich eine kleinere Stromschnelle, welche sicher durchfahren f\u00fcr einigen Spass sorgen wird! Danach beruhigt sich der Fluss und die Paddelcrew ist nun gefragt. In Bochum Dahlhausen, nach ca. 2,5 h &#8211; 3 h Gesamtveranstaltungsdauer hei\u00dft es Abschied nehmen. Danach k\u00f6nnen Sie sich zu Fu\u00df zur 5 Minuten entfernten S- oder Stra\u00dfenbahn aufmachen.<\/p>\n\n\n\n<p>Exklusivit\u00e4t<br>\nSie buchen das Flo\u00df exklusiv, das hei\u00dft auf dem Flo\u00df befindet sich nur Ihre Gruppe, sie werden nicht mit anderen, fremden G\u00e4sten gemischt.<\/p>\n\n\n\n<p>Wir haben drei unterschiedliche Touren im Programm:<\/p>\n\n\n\n<p><strong><a href=\"https:\/\/www.querfeldeins.org\/veranstaltung.php?cPath=4283\">Junggesellen und JunggesellInnen Flo\u00dfTour auf der Ruhr<\/a><\/strong><\/p>\n\n\n\n<p>Special f\u00fcr den JGA<\/p>\n\n\n\n<p><strong><a href=\"https:\/\/www.querfeldeins.org\/veranstaltung.php?cPath=1155\">Betriebsausflug Flo\u00dffahrt auf der Ruhr<\/a><\/strong><\/p>\n\n\n\n<p>der Klassiker der Flo\u00dftouren, speziell f\u00fcr den Betriebsausflug, unschlagbar gut<\/p>\n\n\n\n<p><strong><a href=\"https:\/\/www.querfeldeins.org\/veranstaltung.php?cPath=1133\">Grillflo\u00df Tour auf der Ruhr<\/a><\/strong><\/p>\n\n\n\n<p>hier brutzelt der Grill mit leckeren Steaks und W\u00fcrstchen, und zwar auf dem Flo\u00df<\/p>\n\n\n\n<p><strong><a href=\"https:\/\/www.querfeldeins.org\/veranstaltung.php?cPath=1158\">Flo\u00dfbau als Teamevent auf der Ruhr<\/a><\/strong><\/p>\n\n\n\n<p>Teamtraining oder Teambuilding? Das Flo\u00df muss hier selbst gebaut werden. Und das macht Spa\u00df, ist nicht einfach und hilft dem Team<\/p>\n\n\n\n<div>\n<h1><a href=\"https:\/\/www.flickr.com\/photos\/kanuschule\/5618409813\/in\/album-72157626371161215\" target=\"_blank\" rel=\"noopener noreferrer\">Diashow anzeigen<\/a><\/h1>\n<h1>Infos<\/h1>\n<p><strong>Unsere Fl\u00f6sse und Ausr\u00fcstung<\/strong><\/p>\n<p>Unsere Fl\u00f6sse bauen wir mit Schwimmk\u00f6rpern der Firma Spreu, ein internationaler Hersteller f\u00fcr f\u00fcr aufblasbare Boote, Rafts und Wassersportger\u00e4te. Diese Schwimmk\u00f6rper bestehen aus mehreren Kammern, sind also selbst besch\u00e4digt noch schwimmf\u00e4hig und daher sehr sicher.<\/p>\n<p>Die Deckkonstruktion besteht haupts\u00e4chlich aus nachwachsenden Rohstoffen wie Holz und Bambus. Der Fussboden der Fl\u00f6sse ist mit Bambusmatten ausgelegt, was ihnen ein edles und gem\u00fctliches Aussehen verleiht.<\/p>\n<p><strong>Die Highlights der Strecke<\/strong><\/p>\n<p><strong>Henrichsh\u00fctte<\/strong><br>\nDie Tour startet ganz in der N\u00e4he der Henrichsh\u00fctte in Hattingen. Neben einer hervorragenden Gastronomie, das \u201eHenrichs\u201c, beherbergt das 1987 geschlossene ehemalige Stahlwerk heute ein Industriemuseum. Die Henrichsh\u00fctte ist Teil der Route der Industriekultur und bietet den vielen Besuchern die j\u00e4hrlich das Gel\u00e4nde besuchen spannende Eindr\u00fccke in eine vergangene Epoche. Im besten Sinne wird hier der Wandel des Ruhrgebietes von der Industrie- zur Dienstleistungs- und Freizeitmetropole sichtbar.<\/p>\n<p><strong>Der Leinpfad<\/strong><br>\nDer st\u00e4ndige Begleiter einer Tour zwischen Hattingen, Bochum und Essen ist der Leinpfad. Er verl\u00e4uft linksufrig und ist heute zum Ruhrtalradweg ausgebaut. Fr\u00fcher diente er der Schifffahrt. Mit Pferden wurden die Kohle und Eisenerz transportierenden Lastk\u00e4hne gegen die Str\u00f6mung die Ruhr hinauf gezogen. Stromab dagegen ging es dann wieder mit der Str\u00f6mung der Ruhr. Heute sind die meisten Teile des Leinpfad Fahrrad-tauglich asphaltiert, nur auf H\u00f6he der kleinen Stromschnelle \u201eIsenbergschwall\u201c findet sich noch ein kleines St\u00fcckchen des historisch gepflasterten Leinpfads.<\/p>\n<p><strong>Naturschutzgebiet Hattingen Winz<\/strong><br>\nBef\u00e4hrt man die Ruhr von Hattingen nach Bochum mit dem Flo\u00df, befindet sich zur Rechten auf dem Gro\u00dfteil der Strecke das Naturschutzgebiet Ruhraue Hattingen Winz. Das Rund 119 Hektar gro\u00dfe Areal steht seid 1998 unter Naturschutz und bietet heute einer Vielzahl von V\u00f6geln und Pflanzen eine sichere Zuflucht an der gr\u00fcnen Seite des Ruhrgebiets. Zur Landschaftspflege wird heute eine halbwilde Herde gro\u00dfe schwarze Heckrinder eingesetzt. Die imposanten Tiere, deren Aussehen eher einem spanischen Stier denn einer deutschen Kuh gleicht, halten nebenher ungebetene Besucher vom Betreten des Naturschutzgebietes ab. Vom Flo\u00df aus bietet sich an manchen Tagen ein guter Blick auf die Herde, so dass die Tour auf der Ruhr zur \u201ekleinen Ruhrgebietssafari\u201c wird.<\/p>\n<p><strong>Isenburg<\/strong><br>\nEtwa 4 Kilometer nach dem Start in Hattingen, erreicht man die Isenburg, deren \u00dcberreste auf dem Isenberg am linken Ufer der Ruhr zu finden sind. Der schroffe Felssporn, auf dem die Burg einst errichtet wurde, thront strategisch g\u00fcnstig \u00fcber der Ruhrschleife und bietet eine gute Aussicht. Errichtet wurde die Isenburg \u2013 in alten Dokumenten auch bekannt als Burg Isenberg \u2013 in den Jahren 1193 bis 1199. Bereits 1226 war es dann mit dem Burgfrieden schon wieder vorbei. Nachdem Graf Friedrich von Isenberg seinen Onkel, den Erzbischhof Engelbert I. von K\u00f6ln, t\u00f6tete, wurde die Burg geschliffen und der Graf in K\u00f6ln hingerichtet.<\/p>\n<p>Heute ist die Burg ein \u00f6ffentliches Denkmal und beherbergt ein Museum welches in dem 1858 auf dem Gel\u00e4nde der Burg errichteten Haus Coutodis untergebracht ist. Nebenbei beherbergt das Haus Coustodis die wohl exponierteste Dienstwohnung des Ruhrgebiets \u2013 n\u00e4mlich die des Denkmalpflegers der Stadt&#8230;<\/p>\n<p><strong>Schwimmbr\u00fccke Bochum Dahlhausen<\/strong><br>\nDie Schwimmbr\u00fccke von Bochum Dahlhausen k\u00fcndigt den Ausstieg und damit das Ende der Tour bis Bochum an. Die bereits 1898 fertiggestellte Br\u00fccke wurde im zweiten Weltkrieg stark besch\u00e4digt und dann 1959 wieder neu gebaut. Paddler passieren sicherheitshalber den rechten Bogen der Br\u00fccke, um ausreichenden Abstand zu der Wehranlage auf der linken Seite zu halten. Etwa 400 Meter hinter der Br\u00fccke befindet sich nach einer kleinen Wehranlage die Ausstiegsstelle bei Bochum Dahlhausen.<\/p>\n<h1>Mitbringen<\/h1>\n<ul>\n<li>dem jeweiligen Wetter angepasste Bekleidung<\/li>\n<li>unbedingt festes Schuhwerk mitbringen, das nass werden darf und vielleicht auch wird!&nbsp;Sie k\u00f6nnen&nbsp;<strong>nicht barfu\u00df<\/strong>&nbsp;teilnehmen!<\/li>\n<li>gegebenenfalls Wechselkleidung &amp; Schuhe<\/li>\n<li>je nach Wettersituation Sonnen und \/ oder Regenschutz<\/li>\n<\/ul>\n<ul>\n<li>Achtung: Wenn Sie eigenes Grillgut mit zur Veranstaltung bringen, vergessen Sie bitte nicht Teller und Besteck! Idealerweise aus Pappe.<\/li>\n<li>Bitte bedenken Sie dass Handys, Fotoapparate und andere elektronische Ger\u00e4te nass werden k\u00f6nnen und wir ausdr\u00fccklich nicht daf\u00fcr haften.<\/li>\n<li>Die ausgeh\u00e4ndigten Transports\u00e4cke sind nur ein Spritzschutz und nicht vollst\u00e4ndig wasserdicht.<\/li>\n<li>Sie haben leider <strong>NICHT<\/strong> die M\u00f6glichkeit, unserem Begleitfahrzeug pers\u00f6nliche Gegenst\u00e4nde zum sicheren Transport zu \u00fcbergeben. Daf\u00fcr haben wir leider nicht ausreichend Platz<\/li>\n<\/ul>\n<div>\n<p><strong>Bitte beachten Sie unbedingt auch:<\/strong><\/p>\n<ul>\n<li>Sie k\u00f6nnen die Tour vor Ort nur dann antreten, wenn die Mitglieder der Gruppe nicht alkoholisiert sind. Bitte verzichten Sie daher generell auf alkoholische Getr\u00e4nke w\u00e4hrend der Anreise und auf dem Flo\u00df<\/li>\n\n<li>Wir tragen gemeinsam das Flo\u00df zu Wasser, fahren die Tour, tragen gemeinsam das Flo\u00df vom Wasser zum R\u00fcstfahrzeug zur\u00fcck<\/li>\n<\/ul>\n\n<p><button style=\"background-color: green; color: white;\"><a style=\"color: white;\" href=\"https:\/\/www.querfeldeins.org\/tour_buchung.php?cPath=1133\">&gt;Mehr infos und online Buchung, hier klicken<\/a><\/button><\/p>\n<\/div>\n<\/div>\n","protected":false},"excerpt":{"rendered":"<p>Die Flo\u00dffahrt auf der Ruhr, ein idealer Ausflug mit der Gruppe, dem Verein, Freunden, Geburtstagstour, oder als Betriebsausflug.&nbsp; Wir begr\u00fc\u00dfen Sie am Startpunkt der Flo\u00dftour Ruhr in Hattingen. Nach dem gemeinsamen \u201eWassern\u201c geht es auf das Flo\u00df. Der Captain wartet an der Pinne und unterweist Sie in der Kunst des Flo\u00dffahrens. Auf unseren Fl\u00f6\u00dfen finden &hellip; <\/p>\n<p class=\"link-more\"><a href=\"https:\/\/www.partyfloss-ruhr.de\/\" class=\"more-link\"><span class=\"screen-reader-text\">\u201e\u00dcber die original Flo\u00dftour auf der Ruhr\u201c <\/span>weiterlesen<\/a><\/p>\n","protected":false},"author":1,"featured_media":0,"parent":0,"menu_order":0,"comment_status":"closed","ping_status":"open","template":"","meta":{"footnotes":""},"class_list":["post-2","page","type-page","status-publish","hentry"],"_links":{"self":[{"href":"https:\/\/www.partyfloss-ruhr.de\/index.php\/wp-json\/wp\/v2\/pages\/2","targetHints":{"allow":["GET"]}}],"collection":[{"href":"https:\/\/www.partyfloss-ruhr.de\/index.php\/wp-json\/wp\/v2\/pages"}],"about":[{"href":"https:\/\/www.partyfloss-ruhr.de\/index.php\/wp-json\/wp\/v2\/types\/page"}],"author":[{"embeddable":true,"href":"https:\/\/www.partyfloss-ruhr.de\/index.php\/wp-json\/wp\/v2\/users\/1"}],"replies":[{"embeddable":true,"href":"https:\/\/www.partyfloss-ruhr.de\/index.php\/wp-json\/wp\/v2\/comments?post=2"}],"version-history":[{"count":16,"href":"https:\/\/www.partyfloss-ruhr.de\/index.php\/wp-json\/wp\/v2\/pages\/2\/revisions"}],"predecessor-version":[{"id":57,"href":"https:\/\/www.partyfloss-ruhr.de\/index.php\/wp-json\/wp\/v2\/pages\/2\/revisions\/57"}],"wp:attachment":[{"href":"https:\/\/www.partyfloss-ruhr.de\/index.php\/wp-json\/wp\/v2\/media?parent=2"}],"curies":[{"name":"wp","href":"https:\/\/api.w.org\/{rel}","templated":true}]}}